742?
0
What is the thousands digit of 39613?
9
What is the tens digit of 9956?
5
What is the hundreds digit of 2768?
7
What is the thousands digit of 4290?
4
What is the hundreds digit of 4500?
5
What is the thousands digit of 1594?
1
What is the tens digit of 1022?
2
What is the units digit of 311?
1
What is the thousands digit of 1874?
1
What is the units digit of 93?
3
What is the tens digit of 2762?
6
What is the units digit of 6363?
3
What is the hundreds digit of 4032?
0
What is the units digit of 19587?
7
What is the ten thousands digit of 92439?
9
What is the units digit of 946?
6
What is the hundreds digit of 3311?
3
What is the hundreds digit of 5749?
7
What is the hundreds digit of 17665?
6
What is the hundreds digit of 5091?
0
What is the hundreds digit of 208?
2
What is the hundreds digit of 20768?
7
What is the thousands digit of 80451?
0
What is the tens digit of 356?
5
What is the hundreds digit of 752?
7
What is the tens digit of 10639?
3
What is the thousands digit of 4973?
4
What is the tens digit of 1951?
5
What is the hundreds digit of 66465?
4
What is the tens digit of 22524?
2
What is the units digit of 6921?
1
What is the tens digit of 977?
7
What is the hundreds digit of 8733?
7
What is the tens digit of 737?
3
What is the tens digit of 291?
9
What is the units digit of 2601?
1
What is the thousands digit of 63694?
3
What is the tens digit of 4972?
7
What is the units digit of 13056?
6
What is the units digit of 12578?
8
What is the hundreds digit of 2189?
1
What is the tens digit of 3255?
5
What is the units digit of 1060?
0
What is the hundreds digit of 1790?
7
What is the tens digit of 665?
6
What is the ten thousands digit of 25216?
2
What is the thousands digit of 9385?
9
What is the thousands digit of 38023?
8
What is the hundreds digit of 1267?
2
What is the ten thousands digit of 37182?
3
What is the tens digit of 2377?
7
What is the units digit of 1835?
5
What is the thousands digit of 3464?
3
What is the hundred thousands digit of 115909?
1
What is the tens digit of 25481?
8
What is the thousands digit of 50122?
0
What is the hundreds digit of 2106?
1
What is the tens digit of 2556?
5
What is the units digit of 8263?
3
What is the units digit of 4166?
6
What is the thousands digit of 2226?
2
What is the hundreds digit of 798?
7
What is the ten thousands digit of 22582?
2
What is the ten thousands digit of 14559?
1
What is the hundreds digit of 5124?
1
What is the tens digit of 111105?
0
What is the hundreds digit of 4294?
2
What is the ten thousands digit of 13385?
1
What is the hundreds digit of 22871?
8
What is the thousands digit of 1513?
1
What is the thousands digit of 8816?
8
What is the units digit of 3962?
2
What is the units digit of 113?
3
What is the units digit of 3375?
5
What is the thousands digit of 16886?
6
What is the units digit of 27554?
4
What is the tens digit of 845?
4
What is the tens digit of 611?
1
What is the tens digit of 35700?
0
What is the tens digit of 10460?
6
What is the thousands digit of 7754?
7
What is the hundreds digit of 2549?
5
What is the hundreds digit of 11511?
5
What is the hundreds digit of 13866?
8
What is the hundreds digit of 6188?
1
What is the ten thousands digit of 70989?
7
What is the tens digit of 2071?
7
What is the ten thousands digit of 79337?
7
What is the thousands digit of 3777?
3
What is the ten thousands digit of 97510?
9
What is the units digit of 38179?
9
What is the hundreds digit of 25935?
9
What is the units digit of 557?
7
What is the hundreds digit of 2208?
2
What is the hundreds digit of 46351?
3
What is the units digit of 419?
9
What is the hundreds digit of 3136?
1
What is the units digit of 9783?
3
What is the thousands digit of 18617?
8
What is the tens digit of 333?
3
What is the units digit of 876?
6
What is the tens digit of 58710?
1
What is the thousands digit of 41154?
1
What is the thousands digit of 1988?
1
What is the ten thousands digit of 24266?
2
What is the hundreds digit of 3742?
7
What is the tens digit of 914?
1
What is the tens digit of 27843?
4
What is the thousands digit of 1287?
1
What is the hundreds digit of 27586?
5
What is the units digit of 2164?
4
What is the ten thousands digit of 10810?
1
What is the hundreds digit of 117?
1
What is the hundreds digit of 19891?
8
What is the units digit of 2211?
1
What is the hundreds digit of 43943?
9
What is the hundreds digit of 9629?
6
What is the thousands digit of 5209?
5
What is the tens digit of 22172?
7
What is the tens digit of 76413?
1
What is the thousands digit of 11529?
1
What is the units digit of 954?
4
What is the hundreds digit of 1738?
7
What is the units digit of 383?
3
What is the hundreds digit of 108308?
3
What is the hundreds digit of 35262?
2
What is the tens digit of 3033?
3
What is the thousands digit of 3680?
3
What is the hundreds digit of 135282?
2
What is the hundreds digit of 27607?
6
What is the tens digit of 897?
9
What is the hundreds digit of 1175?
1
What is the tens digit of 2577?
7
What is the units digit of 1422?
2
What is the hundreds digit of 978?
9
What is the units digit of 120641?
1
What is the thousands digit of 83508?
3
What is the hundreds digit of 1002?
0
What is the ten thousands digit of 40485?
4
What is the thousands digit of 1006?
1
What is the hundreds digit of 606?
6
What is the tens digit of 11762?
6
What is the units digit of 690?
0
What is the hundreds digit of 1731?
7
What is the tens digit of 778?
7
What is the units digit of 3786?
6
What is the hundreds digit of 1127?
1
What is the units digit of 92877?
7
What is the tens digit of 1048?
4
What is the units digit of 14257?
7
What is the ten thousands digit of 21344?
2
What is the tens digit of 3171?
7
What is the thousands digit of 2434?
2
What is the hundreds digit of 411?
4
What is the tens digit of 2187?
8
What is the tens digit of 3320?
2
What is the tens digit of 2356?
5
What is the tens digit of 5806?
0
What is the tens digit of 65046?
4
What is the units digit of 2132?
2
What is the tens digit of 23945?
4
What is the thousands digit of 3305?
3
What is the thousands digit of 40709?
0
What is the ten thousands digit of 42514?
4
What is the hundreds digit of 5288?
2
What is the thousands digit of 3255?
3
What is the units digit of 595?
5
What is the hundreds digit of 21378?
3
What is the units digit of 482?
2
What is the ten thousands digit of 20031?
2
What is the units digit of 19313?
3
What is the hundreds digit of 1276?
2
What is the thousands digit of 15933?
5
What is the tens digit of 21805?
0
What is the units digit of 59310?
0
What is the hundreds digit of 152758?
7
What is the hundred thousands digit of 116321?
1
What is the units digit of 579?
9
What is the hundreds digit of 2939?
9
What is the units digit of 98877?
7
What is the tens digit of 3162?
6
What is the hundreds digit of 123610?
6
What is the units digit of 15361?
1
What is the units digit of 20065?
5
What is the units digit of 9887?
7
What is the hundreds digit of 5227?
2
What is the hundreds digit of 12463?
4
What is the units digit of 4754?
4
What is the thousands digit of 6771?
6
What is the tens digit of 14702?
0
What is the thousands digit of 5399?
5
What is the tens digit of 10309?
0
What is the hundreds digit of 7152?
1
What is the thousands digit of 13109?
3
What is the thousands digit of 1964?
1
What is the units digit of 3452?
2
What is the units digit of 655?
5
What is the ten thousands digit of 14669?
1
What is the tens digit of 24347?
4
What is the hundreds digit of 420?
4
What is the hundreds digit of 58796?
7
What is the units digit of 5154?
4
What is the tens digit of 187?
8
What is the thousands digit of 5509?
5
What is the units digit of 113099?
9
What is the units digit of 2700?
0
What is the thousands digit of 1171?
1
What is the units digit of 30394?
4
What is the tens digit of 4698?
9
What is the thousands digit of 1935?
1
What is the hundreds digit of 1318?
3
What is the units digit of 6217?
7
What is the units digit of 1055?
5
What is the tens digit of 1639?
3
What is the hundreds digit of 81724?
7
What is the tens digit of 785?
8
What is the units digit of 1216?
6
What is the thousands digit of 2194?
2
What is the units digit of 158467?
7
What is the hundreds digit o